j) = 5*j + 23. Suppose a - 10 = -v + 4*a, 2*v = -3*a + 2. Calculate the remainder when g(v) is divided by 1*(6 - (-1 - 4)).
10
Let y(b) = b**2 - 2*b - 51. Suppose j + 58 = 51. Suppose 0 = 3*w + 5*m - 15, -3*m + 4*m = 0. What is the remainder when y(j) is divided by w?
2
Let x(i) = -45*i + 910. What is the remainder when 707 is divided by x(20)?
7
Let u(r) be the third derivative of -r**6/120 - 13*r**5/60 + 5*r**4/12 - 11*r**3/3 - 14*r**2 + 2*r. Calculate the remainder when 166 is divided by u(-14).
30
Suppose -87*k + 739 = -84*k - 4*m, 4*m = -4. Let c(i) = i**3 + i**2 + i + 2. Calculate the remainder when k is divided by c(3).
40
Suppose 109 - 399 = -24*n + 14*n. Calculate the remainder when 399 is divided by n.
22
Calculate the remainder when ((-256938)/136)/33*8/(-1) is divided by 156.
146
Suppose 3*h = -3*b + 162, -h - 4*b = -86 + 29. Let n(l) = l**3 - 21*l**2 + 106*l - 400. Calculate the remainder when h is divided by n(16).
5
Suppose 8*g - 3 = 3*y - 89, 5*y - 2*g = 132. What is the remainder when 1636 is divided by y?
24
Let u be 0/((27/(-54))/(1/(-2))). Suppose u = -0*k + k - 2*r - 76, 167 = 2*k + r. Calculate the remainder when k is divided by 7.
5
What is the remainder when (-49 + 52)/((-3)/(-409)) is divided by 50?
9
Let c = -1695 - -1695. Suppose -3*p - 2*p = l - 206, p - l - 40 = c. Suppose 0 = -2*k - 0*k + 14. Calculate the remainder when p is divided by k.
6
Suppose 6*y + 472 = -2*y. Let g = y + 94. What is the remainder when 148 is divided by g?
8
Let m(p) = 13*p - 5. Let r = 264 + 48. Calculate the remainder when r is divided by m(2).
18
Suppose -4000*b + 4020*b = 13660. What is the remainder when b is divided by 671?
12
Let h(l) = 19*l + 1271. Calculate the remainder when 512 is divided by h(-66).
2
Suppose -2 = d, -8*d - 2604 = 4*v - 4*d. Let n = v - -668. Calculate the remainder when 67 is divided by n.
10
Suppose -129*v = -125*v - 24. Calculate the remainder when 176 is divided by (-777)/(-14) - (2 - v/4).
11
Calculate the remainder when ((-16830)/594)/(2/(-6)) is divided by 2*(-93)/(-18)*3.
23
Let z = -43 + 92. Let g(n) = -15*n + 30. Let w be g(-7). Calculate the remainder when z is divided by ((-12)/(-9))/(10/w).
13
Let k(t) = 447*t + 25. Let h(n) = 224*n + 13. Let m(a) = -7*h(a) + 4*k(a). Let y be m(3). Suppose -3*o + y = 246. What is the remainder when o is divided by 36?
33
Let r be (1 + 1)*5/2. Suppose -96*a = -62*a. Suppose r*o - 2*d + a = 65, -4*d + 35 = 5*o. What is the remainder when o is divided by 3?
2
Suppose 1310*d = 1309*d + 4*a + 138, 4*a = 5*d - 658. Calculate the remainder when d is divided by 2.
0
Let s = 825 - 752. Suppose -5*l + 145 - 20 = 0. What is the remainder when s is divided by l?
23
Let i = -3449 - -3912. Calculate the remainder when i is divided by 48.
31
Suppose -71*c = -74*c + y + 297, -2*y + 279 = 3*c. What is the remainder when 312 is divided by c?
21
Suppose -2*h + 12 = 2*n, -7 + 3 = -h. Suppose d = n*g + 3*d - 58, 2*g = 3*d + 38. What is the remainder when 36 is divided by g?
11
Let f(a) = -a**2 + 7*a + 12. Let u be (8/(-3))/(40/(-60)). Suppose 2*z - 4 = 2*v - 8, u*v - 4 = 5*z. What is the remainder when 31 is divided by f(v)?
13
Let o(r) = r**3 + r**2 - 1. Let q be o(1). Let t be 1 - (-1 + 49 + q). What is the remainder when 3 + (4 - (t - -2)) is divided by 28?
25
Let n(d) = -d**3 - 69*d**2 - 136*d - 114. What is the remainder when 2077 is divided by n(-67)?
17
Suppose 7 = k - b, 49*k = 50*k - 4*b + 14. Let i = 80 - 39. What is the remainder when i is divided by k?
13
Let z = -215 + 394. Let j = -116 + z. What is the remainder when 187 is divided by j?
61
Let b be (-413)/(-118)*(0 + (0 - -2)). Let o(j) = -j**2 + 4*j + 29. Calculate the remainder when o(b) is divided by 6.
2
Let u(f) = f**3 - 11*f**2 - 8*f + 14. Suppose 5*j + 29 = 4*w - 24, 5*j = 2*w - 29. Let m(o) = 33*o. Calculate the remainder when u(w) is divided by m(1).
29
Let z be (-20)/(-7)*(-217)/(-62). Let c(l) = -3*l**2 + 29*l + 20. Calculate the remainder when 85 is divided by c(z).
5
Let c(i) = 91*i**3 + i**2 - 9*i - 9. Let q be c(-1). Let r = q - -104. Calculate the remainder when 25 is divided by r.
11
Let a = 2938 + -2809. What is the remainder when 2576 is divided by a?
125
Suppose 16*r - 28 - 20 = 0. Calculate the remainder when (-594)/(-8) - (-6)/(-24) is divided by (-59)/(-2) - (18/4 - r).
18
Let w = -819 + 611. What is the remainder when ((w/(-40))/((-3)/(-75)))/2 is divided by 10?
5
Let i(m) = 42*m - 1126. Calculate the remainder when i(28) is divided by 14.
8
Suppose -16*p + 17*p = -4*z + 25, -4*p - 12 = 0. Calculate the remainder when 189 is divided by z.
0
Suppose -14*j + 4 = -13*j. Suppose 3*s = o + 2*s - 11, 0 = 4*s - 8. Suppose 4*h = -20, j*h + h + o = -4*m. What is the remainder when 4 is divided by m?
1
Let m(n) = -27*n + 63. Let j be m(3). Let f(v) = -v**2 - 14*v + 86. What is the remainder when 333 is divided by f(j)?
11
Suppose 306 + 254 = -10*h + 2990. What is the remainder when h is divided by 92?
59
Let q = 18242 + -17233. Calculate the remainder when q is divided by 39.
34
Suppose -w - 37 = -25. Suppose -c - 2*c + 9 = 0. Calculate the remainder when (12/18)/(3/((-1674)/w)) is divided by c.
1
Suppose -4*c + 111 = -9. Let a = 39 - c. What is the remainder when a is divided by 7?
2
Suppose -k + 219 = 2*k. Let s = k - 2. What is the remainder when s is divided by (-25)/10 - (-492)/24?
17
Let a(d) = -3*d**2 - 344*d + 317. Calculate the remainder when a(-114) is divided by 256.
33
Let z be ((-12)/(-21))/((-4)/(-56)). Suppose z*h - 149 = -109. Let q = 12 - 1. What is the remainder when q is divided by h?
1
Let o(n) = 21*n + 8*n + 10*n. Calculate the remainder when 231 is divided by o(1).
36
Let h(y) be the second derivative of y**4/12 + 2*y**3 + 21*y**2 + 69*y + 1. Calculate the remainder when h(-13) is divided by 12.
7
What is the remainder when 5824 is divided by 1166/44 + 9/2?
27
Let j = 440 + -622. Let a be (2/6 + -1)*-9. What is the remainder when ((-30)/(-7) - a)/(4/j) is divided by 8?
6
Suppose 19*i + 6392 = 6525. Suppose 2*x - 212 = -2*x. What is the remainder when x is divided by i?
4
Suppose r = 3*d - 5*d + 4, -2*r = d - 5. Suppose 1825 = 54*l - 3046 - 637. Calculate the remainder when l is divided by r.
0
Let z be ((-14)/21)/((-2)/9). Suppose 5*m = 96*w - 97*w + 19, 5*w + 4*m - 74 = 0. Calculate the remainder when w is divided by -6*((-13)/3 + z).
6
Suppose 0 = 10*c - 7*c - 45. Suppose 0 = 2*d - c - 1. Calculate the remainder when d is divided by 8.
0
Let x(p) = -p**3 + 18*p**2 - 29*p - 37. Suppose 6*h + 33 = 3*h. Let i = 27 + h. Calculate the remainder when 21 is divided by x(i).
10
Suppose -4*t = 5*n - 2*n - 102, 2*n + 2*t - 66 = 0. What is the remainder when 0 + 101 - (8*-2)/(-4) is divided by n?
7
Let x(t) = 2*t**3 + 55*t**2 - 124*t - 634. Calculate the remainder when x(-29) is divided by 425.
14
Suppose 5*p - 5*z = 410, 8*z = -5*p + 3*z + 410. Suppose -5 = b, 0 = -3*k + b + 4*b + 37. Calculate the remainder when p is divided by (-1 - -21) + -3 + k.
19
Let g(h) = -1 + 3*h + 14 + 0*h + 0*h. Let o be g(-5). Let d = o + 27. Calculate the remainder when 99 is divided by d.
24
Let z(i) = -i**2 + 3*i + 1. Let m be z(2). Suppose m*l + 13 = 97. Calculate the remainder when 53 is divided by l.
25
Suppose t = -5*d + 198, 5*t = 5*d + 191 + 859. Calculate the remainder when t is divided by 33.
10
Let q(g) = 3*g**2 + 58*g + 257. Calculate the remainder when 261 is divided by q(-16).
67
Let p be 3 + 2 + 4*-2*9. Calculate the remainder when -10*(-6 + 81/15) - p is divided by 21.
10
Suppose -20 = -6*r + 40. Suppose -r - 86 = -12*i. Calculate the remainder when 15 is divided by i.
7
Suppose 348*o - 136982 = 10*o + 135784. What is the remainder when o is divided by 42?
9
Let n = 238 - -269. Suppose -4*d = 207 - n. Calculate the remainder when d is divided by 38.
37
Suppose d + 358 = 3*u - 2159, -4195 = -5*u + 5*d. Suppose u - 60 = 19*o. What is the remainder when o is divided by 9?
5
Let y(g) = g**3 + 13*g**2 - 7*g + 10. Let l be y(-12). Let v = l + 95. What is the remainder when v is divided by 42?
39
Let t be (0 - -8) + (9 - 7). Suppose 0 = -t*k + 18 + 352. What is the remainder when 139 is divided by k?
28
Suppose 0 = 4*k + 5*d - 2*d - 229, -d = -3*k + 162. Suppose 342 = -49*p + k*p. Calculate the remaind